{"id":301,"date":"2018-11-10T22:55:33","date_gmt":"2018-11-10T20:55:33","guid":{"rendered":"https:\/\/ruukinkonepaja.fi\/?page_id=301"},"modified":"2022-08-11T22:14:32","modified_gmt":"2022-08-11T19:14:32","slug":"hitsauspalvelut","status":"publish","type":"page","link":"https:\/\/ruukinkonepaja.fi\/?page_id=301","title":{"rendered":"Hitsauspalvelut"},"content":{"rendered":"\t\t<div data-elementor-type=\"wp-post\" data-elementor-id=\"301\" class=\"elementor elementor-301\" data-elementor-settings=\"[]\">\n\t\t\t\t\t\t<div class=\"elementor-inner\">\n\t\t\t\t\t\t\t<div class=\"elementor-section-wrap\">\n\t\t\t\t\t\t\t<section class=\"elementor-section elementor-top-section elementor-element elementor-element-33219f4b elementor-section-content-middle elementor-section-stretched elementor-section-boxed elementor-section-height-default elementor-section-height-default\" data-id=\"33219f4b\" data-element_type=\"section\" data-settings=\"{&quot;stretch_section&quot;:&quot;section-stretched&quot;}\">\n\t\t\t\t\t\t<div class=\"elementor-container elementor-column-gap-no\">\n\t\t\t\t\t\t\t<div class=\"elementor-row\">\n\t\t\t\t\t<div class=\"elementor-column elementor-col-50 elementor-top-column elementor-element elementor-element-5c62688\" data-id=\"5c62688\" data-element_type=\"column\">\n\t\t\t<div class=\"elementor-column-wrap elementor-element-populated\">\n\t\t\t\t\t\t\t<div class=\"elementor-widget-wrap\">\n\t\t\t\t\t\t<div class=\"elementor-element elementor-element-532ef05 elementor-widget elementor-widget-heading\" data-id=\"532ef05\" data-element_type=\"widget\" data-widget_type=\"heading.default\">\n\t\t\t\t<div class=\"elementor-widget-container\">\n\t\t\t<h1 class=\"elementor-heading-title elementor-size-default\">Hitsauspalvelut<\/h1>\t\t<\/div>\n\t\t\t\t<\/div>\n\t\t\t\t<div class=\"elementor-element elementor-element-4d16bc8 elementor-widget elementor-widget-text-editor\" data-id=\"4d16bc8\" data-element_type=\"widget\" data-widget_type=\"text-editor.default\">\n\t\t\t\t<div class=\"elementor-widget-container\">\n\t\t\t\t\t<div class=\"elementor-text-editor elementor-clearfix\"><p>Toimimme teollisuudessa Keski-Uudenmaan Hitsauspalvelu Oy nimell\u00e4.<\/p><p>Monipuoliset hitsauspalvelut olosuhteista riippumatta. Teemme niin kent\u00e4ll\u00e4 kuin konepajalla tapahtuvaa hitsausta. Hitsattavat materiaalit voivat olla ter\u00e4s, rst, haponkest\u00e4v\u00e4t ter\u00e4kset, alumiini, kuumankest\u00e4v\u00e4t ter\u00e4kset ja erikoister\u00e4kset.<\/p><p>Hitsauspalvelut voivat muun muassa olla erilaiset PED:in alaiset putkilinjat, ter\u00e4srakenteiden luokkahitsaukset, pinnoitushitsaukset tai erilaisten koneiden ja laitteiden korjaushitsaukset.<\/p><p>Palvelemme my\u00f6s yksityisasiakkaita ja valmistamme tilauksesta erilaisia ter\u00e4srakenteita, kaiteita ja portteja.<\/p><p>Hitsauskalustoon kuuluvat muun muassa Esab 4004i pulse aristomig, Esab Renegade ET300ip, Esab Rogue ES 200i pro,\u00a0 Ewm Tetrix 230 amp. ac\/dc , Kemppi\u00a0Kempact 2530.<\/p><\/div>\n\t\t\t\t<\/div>\n\t\t\t\t<\/div>\n\t\t\t\t\t\t<\/div>\n\t\t\t\t\t<\/div>\n\t\t<\/div>\n\t\t\t\t<div class=\"elementor-column elementor-col-50 elementor-top-column elementor-element elementor-element-7c5d3c6\" data-id=\"7c5d3c6\" data-element_type=\"column\">\n\t\t\t<div class=\"elementor-column-wrap elementor-element-populated\">\n\t\t\t\t\t\t\t<div class=\"elementor-widget-wrap\">\n\t\t\t\t\t\t<div class=\"elementor-element elementor-element-98af4f8 elementor-aspect-ratio-169 elementor-widget elementor-widget-video\" data-id=\"98af4f8\" data-element_type=\"widget\" data-settings=\"{&quot;youtube_url&quot;:&quot;https:\\\/\\\/www.youtube.com\\\/watch?v=t9AHiVu_7Ig&amp;t=55s&quot;,&quot;video_type&quot;:&quot;youtube&quot;,&quot;controls&quot;:&quot;yes&quot;,&quot;aspect_ratio&quot;:&quot;169&quot;}\" data-widget_type=\"video.default\">\n\t\t\t\t<div class=\"elementor-widget-container\">\n\t\t\t\t\t<div class=\"elementor-wrapper elementor-fit-aspect-ratio elementor-open-inline\">\n\t\t\t<div class=\"elementor-video\"><\/div>\t\t<\/div>\n\t\t\t\t<\/div>\n\t\t\t\t<\/div>\n\t\t\t\t\t\t<\/div>\n\t\t\t\t\t<\/div>\n\t\t<\/div>\n\t\t\t\t\t\t\t\t<\/div>\n\t\t\t\t\t<\/div>\n\t\t<\/section>\n\t\t\t\t\t\t<\/div>\n\t\t\t\t\t\t<\/div>\n\t\t\t\t\t<\/div>\n\t\t","protected":false},"excerpt":{"rendered":"<p>Hitsauspalvelut Toimimme teollisuudessa Keski-Uudenmaan Hitsauspalvelu Oy nimell\u00e4. Monipuoliset hitsauspalvelut olosuhteista riippumatta. Teemme niin kent\u00e4ll\u00e4 kuin konepajalla tapahtuvaa hitsausta. Hitsattavat materiaalit voivat olla ter\u00e4s, rst, haponkest\u00e4v\u00e4t ter\u00e4kset, alumiini, kuumankest\u00e4v\u00e4t ter\u00e4kset ja erikoister\u00e4kset. Hitsauspalvelut voivat muun muassa olla erilaiset PED:in alaiset putkilinjat, ter\u00e4srakenteiden luokkahitsaukset, pinnoitushitsaukset tai erilaisten koneiden ja laitteiden korjaushitsaukset. Palvelemme my\u00f6s yksityisasiakkaita ja valmistamme tilauksesta [&hellip;]<\/p>\n","protected":false},"author":1,"featured_media":0,"parent":0,"menu_order":0,"comment_status":"closed","ping_status":"closed","template":"","meta":[],"_links":{"self":[{"href":"https:\/\/ruukinkonepaja.fi\/index.php?rest_route=\/wp\/v2\/pages\/301"}],"collection":[{"href":"https:\/\/ruukinkonepaja.fi\/index.php?rest_route=\/wp\/v2\/pages"}],"about":[{"href":"https:\/\/ruukinkonepaja.fi\/index.php?rest_route=\/wp\/v2\/types\/page"}],"author":[{"embeddable":true,"href":"https:\/\/ruukinkonepaja.fi\/index.php?rest_route=\/wp\/v2\/users\/1"}],"replies":[{"embeddable":true,"href":"https:\/\/ruukinkonepaja.fi\/index.php?rest_route=%2Fwp%2Fv2%2Fcomments&post=301"}],"version-history":[{"count":73,"href":"https:\/\/ruukinkonepaja.fi\/index.php?rest_route=\/wp\/v2\/pages\/301\/revisions"}],"predecessor-version":[{"id":1303,"href":"https:\/\/ruukinkonepaja.fi\/index.php?rest_route=\/wp\/v2\/pages\/301\/revisions\/1303"}],"wp:attachment":[{"href":"https:\/\/ruukinkonepaja.fi\/index.php?rest_route=%2Fwp%2Fv2%2Fmedia&parent=301"}],"curies":[{"name":"wp","href":"https:\/\/api.w.org\/{rel}","templated":true}]}}